6) in base 8?
2225547
Convert -20120021101210 (base 3) to base 10.
-3489285
What is 25c69 (base 16) in base 5?
14422404
What is 244768 (base 12) in base 6?
20341012
Convert 21200012201 (base 3) to base 2.
100100111000010001
What is -1011100000111011100 (base 2) in base 5?
-44033213
Convert 795210 (base 12) to base 13.
52aaab
222242200 (base 5) to base 12
3b1a34
What is 1835c3b (base 15) in base 5?
14003342011
Convert 12110232 (base 4) to base 7.
135342
What is -1025210235 (base 6) in base 13?
-23429a5
Convert -2101111212002 (base 3) to base 13.
-355c8b
Convert -17516354 (base 8) to base 2.
-1111101001110011101100
What is 89628 (base 14) in base 12?
140a18
What is -50522630 (base 8) in base 16?
-a2a598
Convert 33122535 (base 8) to base 3.
111101202002220
b091 (base 14) to base 8
73147
-2a220 (base 15) to base 16
-21138
134210242 (base 5) to base 11
434826
What is -37546b (base 12) in base 13?
-257108
Convert 12201202002102 (base 3) to base 14.
593dd1
-40314202 (base 6) to base 10
-1145306
3089a8a (base 11) to base 6
312412442
What is -3121130 (base 6) in base 3?
-21122121000
Convert 2420ab (base 13) to base 12.
356585
Convert -346344 (base 10) to base 12.
-148520
Convert 1e7851 (base 15) to base 12.
60044a
-1a6376 (base 13) to base 6
-22213013
What is -2222002012 (base 4) in base 9?
-1271317
Convert 632198 (base 12) to base 5.
344341131
-401131 (base 8) to base 15
-29033
What is -101010000110100010101100 (base 2) in base 16?
-a868ac
What is -10100748 (base 9) in base 7?
-56106311
What is -314331100 (base 5) in base 15?
-1b2400
Convert -256564 (base 10) to base 3.
-111000221101
-346a07 (base 11) to base 3
-1000222201110
Convert -176405 (base 11) to base 10.
-272013
Convert 144014221 (base 5) to base 4.
2323031123
-434343401 (base 5) to base 10
-1871726
-24479 (base 15) to base 10
-115764
What is -81a0a1 (base 11) in base 14?
-263a98
Convert -3b5089 (base 12) to base 5.
-222431322
535714 (base 13) to base 8
7351035
Convert 8f83 (base 16) to base 12.
19317
Convert -120800 (base 11) to base 15.
-3ba36
What is -42032141 (base 6) in base 5?
-302424222
-314110011 (base 6) to base 12
-1a1b307
Convert -11321200230 (base 4) to base 12.
-626a10
What is 2c07a2 (base 16) in base 13?
7a0526
What is 1101111100011010010 (base 2) in base 5?
104110124
-14210301 (base 6) to base 5
-110433032
5610a2 (base 12) to base 10
1370426
Convert 154162 (base 15) to base 14.
1ca045
4bcc7 (base 14) to base 16
2d807
-147420 (base 9) to base 11
-6219a
What is 7903b1 (base 14) in base 5?
2023030010
-1000011000000001000010 (base 2) to base 6
-115020242
What is -1000100100011101 (base 2) in base 7?
-204223
What is -173414 (base 12) in base 8?
-1414620
Convert -248b8 (base 12) to base 14.
-14164
2636437 (base 8) to base 2
10110011110100011111
What is -5a29b (base 12) in base 15?
-25e62
What is 785080 (base 10) in base 9?
1425831
What is -977732 (base 12) in base 15?
-3256c2
What is -6128 (base 10) in base 7?
-23603
Convert 1253523 (base 6) to base 2.
10000111110011011
22313234 (base 5) to base 2
110000010100111000
What is 2057854 (base 10) in base 14?
3b7d38
What is 22203202 (base 5) in base 7?
1436054
Convert 13546 (base 10) to base 4.
3103222
-10001100010101111101100 (base 2) to base 12
-16593a4
What is -220222212001121 (base 3) in base 16?
-caaf50
What is 110110000111101101 (base 2) in base 15?
45a37
210010112102 (base 3) to base 4
1211202233
Convert -103303030 (base 4) to base 9.
-133221
Convert -110110011110001010110 (base 2) to base 5.
-424104133
What is 1112620 (base 7) in base 16?
21a7b
Convert -2002213110 (base 4) to base 6.
-15244500
Convert -199b3b (base 15) to base 4.
-10300222202
-75395 (base 15) to base 12
-15b395
-202321110102 (base 4) to base 6
-524022150
Convert -2798587 (base 10) to base 16.
-2ab3fb
Convert -a96a9 (base 14) to base 7.
-3325602
cd146 (base 14) to base 13
14524a
Convert -30430144 (base 8) to base 15.
-871996
41413422 (base 5) to base 8
1233351
-664e2b (base 15) to base 11
-2830a26
Convert 40320420 (base 5) to base 2.
1001110111010100011
Convert -7055a (base 11) to base 7.
-606515
Convert -1566644 (base 7) to base 12.
-a6522
Convert 174c3 (base 15) to base 2.
10010011001000101
What is 381612 (base 11) in base 14?
119731
-305035 (base 12) to base 9
-1370815
Convert 2d9b26 (base 14) to base 3.
10000101110012
-10333001 (base 4) to base 14
-7625
10000101100100101000 (base 2) to base 3
1000210111102
What is -ee31c (base 16) in base 10?
-975644
-2d8298 (base 16) to base 5
-1230420202
What is -1013572 (base 10) in base 15?
-1504b7
What is -23013303113 (base 4) in base 8?
-13076327
-1435455 (base 6) to base 5
-10123112
-3dbd9 (base 15) to base 10
-198429
aa9059 (base 13) to base 3
21120011012011
What is 334473 (base 12) in base 4?
3013102113
Convert 158684 (base 9) to base 3.
11222202211
Convert -16283b (base 13) to base 11.
-345076
Convert -10024502 (base 6) to base 16.
-453b6
Convert -95752 (base 15) to base 13.
-137a83
What is 10110210330 (base 4) in base 12?
467710
What is 1111001010011110100 (base 2) in base 12?
1bb670
-21202212012021 (base 3) to base 8
-17603540
Convert -a3908 (base 13) to base 15.
-5c070
Convert -2401430010 (base 5) to base 12.
-1a12197
Convert -23a99 (base 11) to base 6.
-424053
Convert 12223313 (base 4) to base 15.
81a8
What is 1352617 (base 11) in base 3?
11101102222101
Convert 21012202101 (base 3) to base 16.
22a98
-765865 (base 10) to base 8
-2727651
Convert -100100220112 (base 3) to base 11.
-11657a
Convert 220110120121 (base 3) to base 4.
1311210121
Convert -13bda (base 14) to base 2.
-1011111101100100
Convert 23208 (base 10) to base 13.
a743
Convert 223132031 (base 5) to base 16.
f19c9
Convert 26261774 (base 8) to base 6.
325321432
What is 33012230 (base 4) in base 15?
134e8
What is 1111100001100000111010 (base 2) in base 6?
223115550
Convert 1302265 (base 7) to base 4.
221033011
Convert -151204 (base 8) to base 5.
-3211032
-184535 (base 12) to base 6
-13015305
What is 201212212310 (base 4) in base 16?
8669b4
Convert -498551 (base 11) to base 10.
-787282
Convert -162c0a (base 14) to base 10.
-776170
Convert -152056 (base 8) to base 13.
-1b954
-256120 (base 8) to base 12
-43728
What is -13101288 (base 9) in base 7?
-105500450
Convert -4274744 (base 8) to base 14.
-21b564
What is 264a66 (base 11) in base 4?
1211230222
1121121222002 (base 3) to base 15
11e692
What is -11013 (base 4) in base 10?
-327
What is 1100111101001110110011 (base 2) in base 5?
1332142111
39932b6 (base 13) to base 8
104774457
What is -814595 (base 11) in base 6?
-44020322
What is -63354 (base 9) in base 7?
-232666
Convert -32211541 (base 7) to base 3.
-12011100002021
1958a (base 14) to base 6
1213142
11268570 (base 10) to base 3
210012111120110
What is 569820 (base 10) in base 3?
1001221122110
What is 243a825 (base 13) in base 5?
10334412301
122010100102210 (base 3) to base 15
beb650
-254738b (base 13) to base 15
-104debd
What is -1324010 (base 6) in base 5?
-4322241
Convert -8301403 (base 9) to base 7.
-52436445
af17 (base 16) to base 15
d433
2235201 (base 6) to base 11
78640
771a6 (base 12) to base 13
5690a
What is 11000101010011000 (base 2) in base 13?
36c96
Convert 4343023 (base 5) to base 3.
10210120000
What is 2236a (base 12) in base 5?
2423232
-253d4 (base 14) to base 10
-91326
What is 14420321 (base 5) in base 6?
3151033
Convert -2223b7 (base 13) to base 5.
-201223014
Convert 26757a (base 11) to base 3.
210100001222
What is 5b6c (base 14) in base 16?
3e64
Convert a6bac2 (base 13) to base 4.
32322222213
2413a03 (base 11) to base 8
20031105
What is -2311043 (base 6) in base 2?
-11100110110100011
13101174 (base 8) to base 10
2916988
What is -43099 (base 11) in base 3?
-10011221221
Convert 84501 (base 11) to base 13.
44020
1ad31b (base 16) to base 7
20641206
What is -109427 (base 13) in base 15?
-7b135
What is 4020c (base 13) in base 3?
12211012020
-597603 (base 10) to base 13
-17c016
What is 132140321 (base 5) in base 11?
412383
-113114041 (base 5) to base 4
-1332323120
Convert -313332144 (base 5) to base 9.
-2413734
Convert 10007ea (base 15) to base 2.
101011011101010110100100
-df8c8e (base 16) to base 10
-14650510
What is 169803 (base 13) in base 16?
89a4b
Convert 2453245 (base 6) to base 4.
200020331
2000103 (base 5) to base 9
46813
24464152 (ba